{"id":24,"date":"2018-05-02T12:54:04","date_gmt":"2018-05-02T12:54:04","guid":{"rendered":"http:\/\/artpsycho.com\/?page_id=24"},"modified":"2026-03-21T09:32:31","modified_gmt":"2026-03-21T09:32:31","slug":"contact","status":"publish","type":"page","link":"https:\/\/artpsycho.com\/?page_id=24","title":{"rendered":"Publications"},"content":{"rendered":"\n<h3 class=\"wp-block-heading\">Publications D. SENS relatives \u00e0 l\u2019art-th\u00e9rapie :<\/h3>\n\n\n\n<p>Sens, D. (2026). \u00ab Jean-Marie-Am\u00e9d\u00e9e Paroutaud ou L\u2019\u00e9blouissement de la mort \u00bb (pp. 197-218). Postface au roman de J.M.A Paroutaud : <em>La Ville Incertaine<\/em>. \u00ab\u00a0Avant-propos\u00a0\u00bb d&rsquo;Etienne Klein. Paris. Ed. Le Dilettante <a href=\"https:\/\/www.ledilettante.com\/product\/la-ville-incertaine-2\/\">https:\/\/www.ledilettante.com\/product\/la-ville-incertaine-2\/<\/a> <\/p>\n\n\n\n<p>Sens, D. (2025). \u00ab Origine \u00bb, Journ\u00e9es d\u2019automne 15, 16 novembre 2024. <em>\u00ab L&rsquo;espace originaire du groupe peinture \u00bb<\/em>, pp.79-82. Revue annuelle de la Soci\u00e9t\u00e9 fran\u00e7aise de Psychopathologie de l\u2019expression et Art-th\u00e9rapie.<\/p>\n\n\n\n<p>Sens, D. (2024). \u00ab Fronti\u00e8res \u00bb, Journ\u00e9es d\u2019automne 17, 18 novembre 2023. <em>\u00ab Hors limite, au-del\u00e0 des fronti\u00e8res : exp\u00e9riences anomales et cr\u00e9ation artistique \u00bb<\/em>, pp.37-40. Revue annuelle de la Soci\u00e9t\u00e9 fran\u00e7aise de Psychopathologie de l\u2019expression et Art-th\u00e9rapie.<\/p>\n\n\n\n<p>Sens, D. (2023). Trauma et art-th\u00e9rapie, <em>Journ\u00e9e scientifique de l\u2019ALFEST, 28 juin 2023<\/em>. Paris.<\/p>\n\n\n\n<p>Sens, D. (2023). Chapitre 10. Processus d&rsquo;attention conjointe groupale et travail de mythopo\u00ef\u00e8se. Dans : Lise Pelletier et Jacinthe Lambert \u00e9d., <em>L&rsquo;art-th\u00e9rapie aupr\u00e8s des groupes<\/em> (pp. 221-245). Qu\u00e9bec:Presses universitaires du Qu\u00e9bec, Canada. <a href=\"https:\/\/www.puq.ca\/catalogue\/livres\/art-therapie-aupres-des-groupes-3994.html\">https:\/\/www.puq.ca\/catalogue\/livres\/art-therapie-aupres-des-groupes-3994.html<\/a><\/p>\n\n\n\n<p><span id=\"apa_FR\"><span class=\"UpperCase\">Sens<\/span>, D. (2021). Emprise et violence sexuelle chez l\u2019artiste. Une \u00e9tude de cas. <i>Psychologie Clinique<\/i>, 52, 142-158. <a href=\"https:\/\/doi.org\/10.1051\/psyc\/202152142\"> https:\/\/doi.org\/10.1051\/psyc\/202152142<\/a> <\/span><\/p>\n\n\n\n<p><span id=\"apa_FR\"> <span class=\"UpperCase\">Sens<\/span>, D. (2020). Chapitre&nbsp;2. Les arts plastiques th\u00e9rapie. Dans : \u00c9dith Lecourt \u00e9d., <i>Les art-th\u00e9rapies<\/i> (pp. 55-88). Paris: Dunod. <a href=\"https:\/\/doi.org\/10.3917\/dunod.lecou.2020.01.0055\"> https:\/\/doi-org.ezproxy.u-paris.fr\/10.3917\/dunod.lecou.2020.01.0055&Prime;<\/a> <\/span><\/p>\n\n\n\n<p>Sens, D. (2018). \u00ab Les enjeux ph\u00e9nom\u00e9nologiques et psychologiques de la rencontre clinique en psychoth\u00e9rapie avec m\u00e9diations plastiques \u00bb, <em>Psychoth\u00e9rapies, 2, (Vol. 38),<\/em> p. 75-86. <a href=\"https:\/\/doi.org\/10.3917\/psys.182.0075\">DOI 10.3917\/psys.182.0075<\/a><\/p>\n\n\n\n<p>Sens, D. (2017). \u00ab\u00a0Traces psychiques des carences et violences pr\u00e9coces en psychoth\u00e9rapie analytique m\u00e9diatis\u00e9e\u00a0\u00bb. <em>La psychiatrie de l&rsquo;enfant, vol. 61,(2),<\/em> 283-304. <a href=\"https:\/\/doi.org\/10.3917\/psye.602.0283\">doi:10.3917\/psye.602.0283.<\/a><\/p>\n\n\n\n<p>Sens, D. (2017). \u00ab \u00c9thique du soin en art-th\u00e9rapie \u00e0 m\u00e9diations plastiques \u00bb. <em>Ethics, Medicine and Public Health<\/em>. : <a href=\"https:\/\/doi.org\/10.1016\/j.jemep.2017.04.011\">https:\/\/doi.org\/10.1016\/j.jemep.2017.04.011<\/a><\/p>\n\n\n\n<p>SENS, D. (2017). \u00ab Chapitre 2. Les arts plastiques th\u00e9rapie \u00bb (pp. 46-74) in (sous la dir. de Edith Lecourt &amp; Todd Lubart). <em>Les Arts Th\u00e9rapies<\/em>. Ed. Armand Colin.<\/p>\n\n\n\n<p>Sens, D. (2017). \u00ab L\u2019Intime \u00bb, Journ\u00e9es d\u2019automne 1,2,3 d\u00e9cembre 2017. <em>\u00ab Entre d\u00e9voilement et d\u00e9tournement de l\u2019intime dans l\u2019image \u00bb<\/em>, pp.17-20. Revue annuelle de la Soci\u00e9t\u00e9 fran\u00e7aise de Psychopathologie de l\u2019expression et Art-th\u00e9rapie.<\/p>\n\n\n\n<p>Sens, D. (2016).\u00ab L\u2019\u00c9tranger \u00bb, Journ\u00e9es d\u2019automne 2,3,4 d\u00e9cembre 2016. <em>\u00ab T\u00e9moigner de l\u2019exp\u00e9rience d\u2019\u00eatre \u00e9tranger \u00bb<\/em>, pp. 181-188. Revue annuelle de la Soci\u00e9t\u00e9 fran\u00e7aise de Psychopathologie de l\u2019expression et Art-th\u00e9rapie.<\/p>\n\n\n\n<p>Sens, D. (2016).\u00ab Mythes \u00bb, Journ\u00e9es d\u2019hiver 8,9,10 janvier 2016. <em>\u00ab Un espace de mythopo\u00ef\u00e8se : le groupe de peinture face \u00e0 lui-m\u00eame dans le temps de la cr\u00e9ation artistique \u00bb<\/em>, pp. 143-144. Revue annuelle de la Soci\u00e9t\u00e9 fran\u00e7aise de Psychopathologie de l\u2019expression et Art-th\u00e9rapie.<\/p>\n\n\n\n<p>Sens, D. (2015). \u00ab\u00a0Les peurs et angoisses chez le jeune enfant et le travail d\u2019\u00e9quipe en cr\u00e8che\u00a0\u00bb. <em>Le Journal des psychologues, 328,(5),<\/em> 18-21. <a href=\"https:\/\/doi.org\/10.3917\/jdp.328.0018\">doi:10.3917\/jdp.328.0018.<\/a><\/p>\n\n\n\n<p>Sens, D. (2014). \u00ab\u00a0R\u00e9cit de r\u00eave et narrativit\u00e9 de l&rsquo;image en psychoth\u00e9rapie analytique m\u00e9diatis\u00e9e\u00a0\u00bb. <em>Cahiers de psychologie clinique, 42,(1)<\/em>, 147-167. <a href=\"https:\/\/doi.org\/10.3917\/cpc.042.0147\">doi:10.3917\/cpc.042.0147.<\/a><\/p>\n\n\n\n<p>Sens, D. (2014).\u00ab Ombres et lumi\u00e8res \u00bb, Journ\u00e9es d\u2019automne 5,6,7 d\u00e9cembre 2014. <em>\u00ab Images spectrales et images plastiques : donner forme \u00e0 l\u2019angoisse \u00bb<\/em>, pp. 213-224. Revue annuelle de la Soci\u00e9t\u00e9 fran\u00e7aise de Psychopathologie de l\u2019expression et Art-th\u00e9rapie.<\/p>\n\n\n\n<p>Sens, D. (2013). \u00ab\u00a0Les deux objets de la rencontre clinique en psychoth\u00e9rapie m\u00e9diatis\u00e9e\u00a0\u00bb. <em>Le Carnet PSY, 172,(5)<\/em>, 35-39. <a href=\"https:\/\/doi.org\/10.3917\/lcp.172.0035\">doi:10.3917\/lcp.172.0035.<\/a><\/p>\n\n\n\n<p>Sens, D. (2013). Th\u00e8se de doctorat en psychologie et psychopathologie : L\u2019image critique. Une approche psychanalytique du surgissement de la forme dans la rencontre clinique en art-th\u00e9rapie. PCPP, ED 261. Univ. Paris 5. <a href=\"http:\/\/www.diffusiontheses.fr\/65805-these-de-sens--dominique-.html\">http:\/\/www.diffusiontheses.fr\/65805-these-de-sens&#8211;dominique-.html<\/a><\/p>\n\n\n\n<p>Sens, D. (2009). \u00ab\u00a0Les liens parents-enfants-professionnels en cr\u00e8che collective\u00a0\u00bb. <em>Le Journal des psychologues, 265,(2)<\/em>, 47-50. <a href=\"https:\/\/doi.org\/10.3917\/jdp.265.0047\">doi:10.3917\/jdp.265.0047.<\/a><\/p>\n\n\n\n<p>Sens, D. (2007). \u00ab\u00a0La construction de l&rsquo;identit\u00e9 professionnelle de l&rsquo;art th\u00e9rapeute\u00a0\u00bb. <em>Le Journal des psychologues, 247,(4)<\/em>, 58-61. <a href=\"https:\/\/doi.org\/10.3917\/jdp.247.0058\">doi:10.3917\/jdp.247.0058.<\/a><\/p>\n\n\n\n<p>Sens, D. (2005). \u00ab\u00a0Toucher avec les yeux : liens de groupe et dimension transsubjective dans un dispositif utilisant une m\u00e9diation par la peinture\u00a0\u00bb. <em>Revue de psychoth\u00e9rapie psychanalytique de groupe, 45,(2)<\/em>, 193-200. <a href=\"https:\/\/doi.org\/10.3917\/rppg.045.0193\">doi:10.3917\/rppg.045.0193.<\/a><\/p>\n\n\n\n<p>Sens, D. (1998). \u00ab\u00a0Un outil d\u2019insertion : l\u2019atelier d\u2019art-th\u00e9rapie\u00a0\u00bb.<em> International Journal of Art Therapy, n\u00b04<\/em>, 1998<\/p>\n\n\n\n<p>SENS, D. (1997). \u00ab Jean-Marie-Am\u00e9d\u00e9e Paroutaud ou L&rsquo;\u00e9blouissement de la mort \u00bb (pp. 187-206). Postface au roman de J.M.A Paroutaud : <em>La Ville Incertaine<\/em>. Paris. Ed. Le Dilettante <a href=\"https:\/\/www.ledilettante.com\/product\/la-ville-incertaine\/\">https:\/\/www.ledilettante.com\/product\/la-ville-incertaine\/<\/a><\/p>\n","protected":false},"excerpt":{"rendered":"<p>Publications D. SENS relatives \u00e0 l\u2019art-th\u00e9rapie : Sens, D. (2026). \u00ab Jean-Marie-Am\u00e9d\u00e9e Paroutaud ou L\u2019\u00e9blouissement de la mort \u00bb (pp. 197-218). Postface au roman de J.M.A Paroutaud : La Ville<\/p>\n","protected":false},"author":1,"featured_media":0,"parent":0,"menu_order":0,"comment_status":"closed","ping_status":"closed","template":"","meta":{"_monsterinsights_skip_tracking":false,"_monsterinsights_sitenote_active":false,"_monsterinsights_sitenote_note":"","_monsterinsights_sitenote_category":0,"footnotes":""},"class_list":["post-24","page","type-page","status-publish","hentry"],"_links":{"self":[{"href":"https:\/\/artpsycho.com\/index.php?rest_route=\/wp\/v2\/pages\/24","targetHints":{"allow":["GET"]}}],"collection":[{"href":"https:\/\/artpsycho.com\/index.php?rest_route=\/wp\/v2\/pages"}],"about":[{"href":"https:\/\/artpsycho.com\/index.php?rest_route=\/wp\/v2\/types\/page"}],"author":[{"embeddable":true,"href":"https:\/\/artpsycho.com\/index.php?rest_route=\/wp\/v2\/users\/1"}],"replies":[{"embeddable":true,"href":"https:\/\/artpsycho.com\/index.php?rest_route=%2Fwp%2Fv2%2Fcomments&post=24"}],"version-history":[{"count":37,"href":"https:\/\/artpsycho.com\/index.php?rest_route=\/wp\/v2\/pages\/24\/revisions"}],"predecessor-version":[{"id":1137,"href":"https:\/\/artpsycho.com\/index.php?rest_route=\/wp\/v2\/pages\/24\/revisions\/1137"}],"wp:attachment":[{"href":"https:\/\/artpsycho.com\/index.php?rest_route=%2Fwp%2Fv2%2Fmedia&parent=24"}],"curies":[{"name":"wp","href":"https:\/\/api.w.org\/{rel}","templated":true}]}}

<h3 class="wp-block-heading">Publications D. SENS relatives à l’art-thérapie :</h3>



<p>Sens, D. (2026). « Jean-Marie-Amédée Paroutaud ou L’éblouissement de la mort » (pp. 197-218). Postface au roman de J.M.A Paroutaud : <em>La Ville Incertaine</em>. « Avant-propos » d&rsquo;Etienne Klein. Paris. Ed. Le Dilettante <a href="https://www.ledilettante.com/product/la-ville-incertaine-2/">https://www.ledilettante.com/product/la-ville-incertaine-2/</a> </p>



<p>Sens, D. (2025). « Origine », Journées d’automne 15, 16 novembre 2024. <em>« L&rsquo;espace originaire du groupe peinture »</em>, pp.79-82. Revue annuelle de la Société française de Psychopathologie de l’expression et Art-thérapie.</p>



<p>Sens, D. (2024). « Frontières », Journées d’automne 17, 18 novembre 2023. <em>« Hors limite, au-delà des frontières : expériences anomales et création artistique »</em>, pp.37-40. Revue annuelle de la Société française de Psychopathologie de l’expression et Art-thérapie.</p>



<p>Sens, D. (2023). Trauma et art-thérapie, <em>Journée scientifique de l’ALFEST, 28 juin 2023</em>. Paris.</p>



<p>Sens, D. (2023). Chapitre 10. Processus d&rsquo;attention conjointe groupale et travail de mythopoïèse. Dans : Lise Pelletier et Jacinthe Lambert éd., <em>L&rsquo;art-thérapie auprès des groupes</em> (pp. 221-245). Québec:Presses universitaires du Québec, Canada. <a href="https://www.puq.ca/catalogue/livres/art-therapie-aupres-des-groupes-3994.html">https://www.puq.ca/catalogue/livres/art-therapie-aupres-des-groupes-3994.html</a></p>



<p><span id="apa_FR"><span class="UpperCase">Sens</span>, D. (2021). Emprise et violence sexuelle chez l’artiste. Une étude de cas. <i>Psychologie Clinique</i>, 52, 142-158. <a href="https://doi.org/10.1051/psyc/202152142"> https://doi.org/10.1051/psyc/202152142</a> </span></p>



<p><span id="apa_FR"> <span class="UpperCase">Sens</span>, D. (2020). Chapitre&nbsp;2. Les arts plastiques thérapie. Dans : Édith Lecourt éd., <i>Les art-thérapies</i> (pp. 55-88). Paris: Dunod. <a href="https://doi.org/10.3917/dunod.lecou.2020.01.0055"> https://doi-org.ezproxy.u-paris.fr/10.3917/dunod.lecou.2020.01.0055&Prime;</a> </span></p>



<p>Sens, D. (2018). « Les enjeux phénoménologiques et psychologiques de la rencontre clinique en psychothérapie avec médiations plastiques », <em>Psychothérapies, 2, (Vol. 38),</em> p. 75-86. <a href="https://doi.org/10.3917/psys.182.0075">DOI 10.3917/psys.182.0075</a></p>



<p>Sens, D. (2017). « Traces psychiques des carences et violences précoces en psychothérapie analytique médiatisée ». <em>La psychiatrie de l&rsquo;enfant, vol. 61,(2),</em> 283-304. <a href="https://doi.org/10.3917/psye.602.0283">doi:10.3917/psye.602.0283.</a></p>



<p>Sens, D. (2017). « Éthique du soin en art-thérapie à médiations plastiques ». <em>Ethics, Medicine and Public Health</em>. : <a href="https://doi.org/10.1016/j.jemep.2017.04.011">https://doi.org/10.1016/j.jemep.2017.04.011</a></p>



<p>SENS, D. (2017). « Chapitre 2. Les arts plastiques thérapie » (pp. 46-74) in (sous la dir. de Edith Lecourt &amp; Todd Lubart). <em>Les Arts Thérapies</em>. Ed. Armand Colin.</p>



<p>Sens, D. (2017). « L’Intime », Journées d’automne 1,2,3 décembre 2017. <em>« Entre dévoilement et détournement de l’intime dans l’image »</em>, pp.17-20. Revue annuelle de la Société française de Psychopathologie de l’expression et Art-thérapie.</p>



<p>Sens, D. (2016).« L’Étranger », Journées d’automne 2,3,4 décembre 2016. <em>« Témoigner de l’expérience d’être étranger »</em>, pp. 181-188. Revue annuelle de la Société française de Psychopathologie de l’expression et Art-thérapie.</p>



<p>Sens, D. (2016).« Mythes », Journées d’hiver 8,9,10 janvier 2016. <em>« Un espace de mythopoïèse : le groupe de peinture face à lui-même dans le temps de la création artistique »</em>, pp. 143-144. Revue annuelle de la Société française de Psychopathologie de l’expression et Art-thérapie.</p>



<p>Sens, D. (2015). « Les peurs et angoisses chez le jeune enfant et le travail d’équipe en crèche ». <em>Le Journal des psychologues, 328,(5),</em> 18-21. <a href="https://doi.org/10.3917/jdp.328.0018">doi:10.3917/jdp.328.0018.</a></p>



<p>Sens, D. (2014). « Récit de rêve et narrativité de l&rsquo;image en psychothérapie analytique médiatisée ». <em>Cahiers de psychologie clinique, 42,(1)</em>, 147-167. <a href="https://doi.org/10.3917/cpc.042.0147">doi:10.3917/cpc.042.0147.</a></p>



<p>Sens, D. (2014).« Ombres et lumières », Journées d’automne 5,6,7 décembre 2014. <em>« Images spectrales et images plastiques : donner forme à l’angoisse »</em>, pp. 213-224. Revue annuelle de la Société française de Psychopathologie de l’expression et Art-thérapie.</p>



<p>Sens, D. (2013). « Les deux objets de la rencontre clinique en psychothérapie médiatisée ». <em>Le Carnet PSY, 172,(5)</em>, 35-39. <a href="https://doi.org/10.3917/lcp.172.0035">doi:10.3917/lcp.172.0035.</a></p>



<p>Sens, D. (2013). Thèse de doctorat en psychologie et psychopathologie : L’image critique. Une approche psychanalytique du surgissement de la forme dans la rencontre clinique en art-thérapie. PCPP, ED 261. Univ. Paris 5. <a href="http://www.diffusiontheses.fr/65805-these-de-sens--dominique-.html">http://www.diffusiontheses.fr/65805-these-de-sens&#8211;dominique-.html</a></p>



<p>Sens, D. (2009). « Les liens parents-enfants-professionnels en crèche collective ». <em>Le Journal des psychologues, 265,(2)</em>, 47-50. <a href="https://doi.org/10.3917/jdp.265.0047">doi:10.3917/jdp.265.0047.</a></p>



<p>Sens, D. (2007). « La construction de l&rsquo;identité professionnelle de l&rsquo;art thérapeute ». <em>Le Journal des psychologues, 247,(4)</em>, 58-61. <a href="https://doi.org/10.3917/jdp.247.0058">doi:10.3917/jdp.247.0058.</a></p>



<p>Sens, D. (2005). « Toucher avec les yeux : liens de groupe et dimension transsubjective dans un dispositif utilisant une médiation par la peinture ». <em>Revue de psychothérapie psychanalytique de groupe, 45,(2)</em>, 193-200. <a href="https://doi.org/10.3917/rppg.045.0193">doi:10.3917/rppg.045.0193.</a></p>



<p>Sens, D. (1998). « Un outil d’insertion : l’atelier d’art-thérapie ».<em> International Journal of Art Therapy, n°4</em>, 1998</p>



<p>SENS, D. (1997). « Jean-Marie-Amédée Paroutaud ou L&rsquo;éblouissement de la mort » (pp. 187-206). Postface au roman de J.M.A Paroutaud : <em>La Ville Incertaine</em>. Paris. Ed. Le Dilettante <a href="https://www.ledilettante.com/product/la-ville-incertaine/">https://www.ledilettante.com/product/la-ville-incertaine/</a></p>

<p>Publications D. SENS relatives à l’art-thérapie : Sens, D. (2026). « Jean-Marie-Amédée Paroutaud ou L’éblouissement de la mort » (pp. 197-218). Postface au roman de J.M.A Paroutaud : La Ville</p>
