{"id":78,"date":"2018-05-10T12:10:00","date_gmt":"2018-05-10T12:10:00","guid":{"rendered":"http:\/\/artpsycho.com\/?page_id=78"},"modified":"2025-11-04T21:00:00","modified_gmt":"2025-11-04T21:00:00","slug":"affiliations","status":"publish","type":"page","link":"https:\/\/artpsycho.com\/?page_id=78","title":{"rendered":"Affiliations &#038; Appartenances"},"content":{"rendered":"<ul>\n<li>Membre actif accr\u00e9dit\u00e9 du Syndicat Fran\u00e7ais des Art-th\u00e9rapeutes (SFAT)<\/li>\n<li>Membre de la Ligue Professionnelle d&rsquo;Art-Th\u00e9rapie (<a href=\"https:\/\/artherapie.levillage.org\/SENS-Dominique-75_a846.html\">LPAT<\/a>)<\/li>\n<li>Membre du Centre d\u2019\u00c9tude de l\u2019Expression, CMME, h\u00f4pital Sainte-Anne (CEE).<\/li>\n<li>Membre de la Soci\u00e9t\u00e9 fran\u00e7aise de psychopathologie de l\u2019expression et d\u2019art-th\u00e9rapie (<a href=\"https:\/\/www.sfpeat.com\/\">https:\/\/www.sfpeat.com\/<\/a>)<\/li>\n<li>Ancien doctorant du PCPP, Ecole Doctorale 261. Univ. Paris 5<\/li>\n<li>Form\u00e9 \u00e0 l\u2019analyse de groupe et au psychodrame. Institut fran\u00e7ais d\u2019analyse de groupe et de psychodrame (IFAGP).<\/li>\n<li>Prix de l&rsquo;Universit\u00e9 Ren\u00e9 Descartes Paris 5. Meilleur \u00e9tudiant de DESS<\/li>\n<\/ul>\n<div id=\"carousel-affiliations\" class=\"carousel slide\" data-ride=\"carousel\">\n<div class=\"carousel-inner\" role=\"listbox\">\n<div class=\"item active\"><img decoding=\"async\" src=\"https:\/\/artpsycho.com\/wp-content\/uploads\/2018\/05\/Page-_Affliation_-1-e1526647516653.jpg\" alt=\"art-th\u00e9rapie\" \/><\/div>\n<div class=\"item\"><img decoding=\"async\" src=\"https:\/\/artpsycho.com\/wp-content\/uploads\/2018\/05\/Page-_Affliation_-2-e1526647434807.jpg\" alt=\"...\" \/><\/div>\n<div class=\"item\"><img decoding=\"async\" src=\"https:\/\/artpsycho.com\/wp-content\/uploads\/2018\/05\/Page-_Affliation_-3-e1526646635258.jpg\" alt=\"...\" \/><\/div>\n<div class=\"item\"><img decoding=\"async\" src=\"https:\/\/artpsycho.com\/wp-content\/uploads\/2018\/05\/Page-_Affliation_-4-e1526553438432.jpg\" alt=\"...\" \/><\/div>\n<\/div>\n<\/div>\n","protected":false},"excerpt":{"rendered":"<p>Membre actif accr\u00e9dit\u00e9 du Syndicat Fran\u00e7ais des Art-th\u00e9rapeutes (SFAT) Membre de la Ligue Professionnelle d&rsquo;Art-Th\u00e9rapie (LPAT) Membre du Centre d\u2019\u00c9tude de l\u2019Expression, CMME, h\u00f4pital Sainte-Anne (CEE). Membre de la Soci\u00e9t\u00e9<\/p>\n","protected":false},"author":1,"featured_media":0,"parent":0,"menu_order":0,"comment_status":"closed","ping_status":"closed","template":"","meta":{"_monsterinsights_skip_tracking":false,"_monsterinsights_sitenote_active":false,"_monsterinsights_sitenote_note":"","_monsterinsights_sitenote_category":0,"footnotes":""},"class_list":["post-78","page","type-page","status-publish","hentry"],"_links":{"self":[{"href":"https:\/\/artpsycho.com\/index.php?rest_route=\/wp\/v2\/pages\/78","targetHints":{"allow":["GET"]}}],"collection":[{"href":"https:\/\/artpsycho.com\/index.php?rest_route=\/wp\/v2\/pages"}],"about":[{"href":"https:\/\/artpsycho.com\/index.php?rest_route=\/wp\/v2\/types\/page"}],"author":[{"embeddable":true,"href":"https:\/\/artpsycho.com\/index.php?rest_route=\/wp\/v2\/users\/1"}],"replies":[{"embeddable":true,"href":"https:\/\/artpsycho.com\/index.php?rest_route=%2Fwp%2Fv2%2Fcomments&post=78"}],"version-history":[{"count":43,"href":"https:\/\/artpsycho.com\/index.php?rest_route=\/wp\/v2\/pages\/78\/revisions"}],"predecessor-version":[{"id":1129,"href":"https:\/\/artpsycho.com\/index.php?rest_route=\/wp\/v2\/pages\/78\/revisions\/1129"}],"wp:attachment":[{"href":"https:\/\/artpsycho.com\/index.php?rest_route=%2Fwp%2Fv2%2Fmedia&parent=78"}],"curies":[{"name":"wp","href":"https:\/\/api.w.org\/{rel}","templated":true}]}}

<ul>
<li>Membre actif accrédité du Syndicat Français des Art-thérapeutes (SFAT)</li>
<li>Membre de la Ligue Professionnelle d&rsquo;Art-Thérapie (<a href="https://artherapie.levillage.org/SENS-Dominique-75_a846.html">LPAT</a>)</li>
<li>Membre du Centre d’Étude de l’Expression, CMME, hôpital Sainte-Anne (CEE).</li>
<li>Membre de la Société française de psychopathologie de l’expression et d’art-thérapie (<a href="https://www.sfpeat.com/">https://www.sfpeat.com/</a>)</li>
<li>Ancien doctorant du PCPP, Ecole Doctorale 261. Univ. Paris 5</li>
<li>Formé à l’analyse de groupe et au psychodrame. Institut français d’analyse de groupe et de psychodrame (IFAGP).</li>
<li>Prix de l&rsquo;Université René Descartes Paris 5. Meilleur étudiant de DESS</li>
</ul>
<div id="carousel-affiliations" class="carousel slide" data-ride="carousel">
<div class="carousel-inner" role="listbox">
<div class="item active"><img decoding="async" src="https://artpsycho.com/wp-content/uploads/2018/05/Page-_Affliation_-1-e1526647516653.jpg" alt="art-thérapie" /></div>
<div class="item"><img decoding="async" src="https://artpsycho.com/wp-content/uploads/2018/05/Page-_Affliation_-2-e1526647434807.jpg" alt="..." /></div>
<div class="item"><img decoding="async" src="https://artpsycho.com/wp-content/uploads/2018/05/Page-_Affliation_-3-e1526646635258.jpg" alt="..." /></div>
<div class="item"><img decoding="async" src="https://artpsycho.com/wp-content/uploads/2018/05/Page-_Affliation_-4-e1526553438432.jpg" alt="..." /></div>
</div>
</div>

<p>Membre actif accrédité du Syndicat Français des Art-thérapeutes (SFAT) Membre de la Ligue Professionnelle d&rsquo;Art-Thérapie (LPAT) Membre du Centre d’Étude de l’Expression, CMME, hôpital Sainte-Anne (CEE). Membre de la Société</p>
