{"id":83,"date":"2018-05-10T12:14:42","date_gmt":"2018-05-10T12:14:42","guid":{"rendered":"http:\/\/artpsycho.com\/?page_id=83"},"modified":"2018-05-22T21:13:37","modified_gmt":"2018-05-22T21:13:37","slug":"gata","status":"publish","type":"page","link":"https:\/\/artpsycho.com\/?page_id=83","title":{"rendered":"Groupe d&rsquo;Art-Th\u00e9rapie Analytique"},"content":{"rendered":"<h3>G.A.T.A<\/h3>\n<p>Ce GROUPE D\u2019ART TH\u00c9RAPIE ANALYTIQUE a une vis\u00e9e d\u2019\u00e9volution et repose sur des r\u00e8gles de fonctionnement pr\u00e9cises. Aucun th\u00e8me n&rsquo;est propos\u00e9. La dur\u00e9e globale de la s\u00e9ance en groupe est de trois heures.<\/p>\n<h3>Principe et fonctionnement<\/h3>\n<p>Dans son principe, chaque s\u00e9ance se d\u00e9roule en trois temps. Dans un premier temps, \u00e0 partir des \u00e9changes entre participants, un th\u00e8me de peinture en groupe est recherch\u00e9 et sc\u00e9naris\u00e9. Une fois que les participants se sont accord\u00e9s sur le th\u00e8me, le travail pictural se d\u00e9roule. La cr\u00e9ativit\u00e9, la spontan\u00e9it\u00e9 dans l\u2019expression, l\u2019imaginaire individuel et groupal, l\u2019\u00e9nergie rythmique, la libert\u00e9 associative, la prise en compte du corps sont au c\u0153ur de l\u2019acte pictural. Dans un troisi\u00e8me temps, la r\u00e9alisation graphique et le ressenti des participants font l\u2019objet d\u2019une \u00e9laboration en commun. Cette succession tripartite des temps de la s\u00e9ance implique que la parole ait un r\u00f4le central dans le travail d\u2019\u00e9laboration psychique de l\u2019exp\u00e9rience de la s\u00e9ance.<\/p>\n<h3>R\u00f4le du th\u00e9rapeute de groupe<\/h3>\n<p>Le th\u00e9rapeute du GROUPE D\u2019ART TH\u00c9RAPIE ANALYTIQUE a pour r\u00f4le de garantir le cadre dans sa fonction de contenant des angoisses, des projections et de faire respecter les r\u00e8gles de fonctionnement. Son r\u00f4le est de fournir un cadre d\u2019\u00e9laboration des mouvements psychiques individuels et groupaux. Les participants du GROUPE D\u2019ART TH\u00c9RAPIE ANALYTIQUE s&rsquo;impliquent dans l\u2019\u00e9laboration d\u2019un th\u00e8me et dans sa r\u00e9alisation.<\/p>\n<h3>Objectifs du groupe<\/h3>\n<p>Selon ce dispositif, la situation du GROUPE D\u2019ART TH\u00c9RAPIE ANALYTIQUE permet de travailler le d\u00e9passement de positions de d\u00e9pendance au sein d\u2019un processus groupal, la consolidation d\u2019une estime positive de soi tandis qu\u2019un autre facteur th\u00e9rapeutique serait l\u2019image du groupe telle qu\u2019elle appara\u00eet dans les productions collectives. La position de chacun dans le GROUPE D\u2019ART TH\u00c9RAPIE ANALYTIQUE constituerait une exp\u00e9rience de pouvoir s&rsquo;exprimer (verbalement et graphiquement), d&rsquo;\u00eatre \u00e9cout\u00e9 et d&rsquo;\u00eatre entendu dans ses actes et ses paroles afin de favoriser une nouvelle perception de soi et des autres, d\u2019enrichir sa connaissance de son fonctionnement psychique en situation intersubjective.<\/p>\n<h3>Organisation<\/h3>\n<p>Les rencontres ont lieu tous les deux mois pendant une dur\u00e9e de deux ans sur laquelle chaque participant s\u2019engage. Les productions collectives ne sont pas conserv\u00e9es d\u2019une s\u00e9ance \u00e0 l\u2019autre. Chaque production est photographi\u00e9e afin de garder une trace du travail de groupe.<\/p>\n<div id=\"carousel-gata\" class=\"carousel slide\" data-ride=\"carousel\">\n<div class=\"carousel-inner\" role=\"listbox\">\n<div class=\"item active\"><img decoding=\"async\" src=\"https:\/\/artpsycho.com\/wp-content\/uploads\/2018\/05\/Page-_GATA_-1-e1526648003855.jpg \" alt=\"...\" \/><\/div>\n<div class=\"item\"><img decoding=\"async\" src=\"https:\/\/artpsycho.com\/wp-content\/uploads\/2018\/05\/Page-_GATA_-2-e1526648002184.jpg\" alt=\"...\" \/><\/div>\n<div class=\"item\"><img decoding=\"async\" src=\"https:\/\/artpsycho.com\/wp-content\/uploads\/2018\/05\/Page-_GATA_-3-e1526647996253.jpg\" alt=\"...\" \/><\/div>\n<div class=\"item\"><img decoding=\"async\" src=\"https:\/\/artpsycho.com\/wp-content\/uploads\/2018\/05\/Page-_GATA_-4-e1526647997874.jpg\" alt=\"...\" \/><\/div>\n<div class=\"item\"><img decoding=\"async\" src=\"https:\/\/artpsycho.com\/wp-content\/uploads\/2018\/05\/Page-_GATA_-5-e1526648000215.jpg \" alt=\"...\" \/><\/div>\n<\/div>\n<\/div>\n","protected":false},"excerpt":{"rendered":"<p>G.A.T.A Ce GROUPE D\u2019ART TH\u00c9RAPIE ANALYTIQUE a une vis\u00e9e d\u2019\u00e9volution et repose sur des r\u00e8gles de fonctionnement pr\u00e9cises. Aucun th\u00e8me n&rsquo;est propos\u00e9. La dur\u00e9e globale de la s\u00e9ance en groupe<\/p>\n","protected":false},"author":1,"featured_media":0,"parent":0,"menu_order":0,"comment_status":"closed","ping_status":"closed","template":"","meta":{"_monsterinsights_skip_tracking":false,"_monsterinsights_sitenote_active":false,"_monsterinsights_sitenote_note":"","_monsterinsights_sitenote_category":0,"footnotes":""},"class_list":["post-83","page","type-page","status-publish","hentry"],"_links":{"self":[{"href":"https:\/\/artpsycho.com\/index.php?rest_route=\/wp\/v2\/pages\/83","targetHints":{"allow":["GET"]}}],"collection":[{"href":"https:\/\/artpsycho.com\/index.php?rest_route=\/wp\/v2\/pages"}],"about":[{"href":"https:\/\/artpsycho.com\/index.php?rest_route=\/wp\/v2\/types\/page"}],"author":[{"embeddable":true,"href":"https:\/\/artpsycho.com\/index.php?rest_route=\/wp\/v2\/users\/1"}],"replies":[{"embeddable":true,"href":"https:\/\/artpsycho.com\/index.php?rest_route=%2Fwp%2Fv2%2Fcomments&post=83"}],"version-history":[{"count":12,"href":"https:\/\/artpsycho.com\/index.php?rest_route=\/wp\/v2\/pages\/83\/revisions"}],"predecessor-version":[{"id":812,"href":"https:\/\/artpsycho.com\/index.php?rest_route=\/wp\/v2\/pages\/83\/revisions\/812"}],"wp:attachment":[{"href":"https:\/\/artpsycho.com\/index.php?rest_route=%2Fwp%2Fv2%2Fmedia&parent=83"}],"curies":[{"name":"wp","href":"https:\/\/api.w.org\/{rel}","templated":true}]}}